{"id":9,"date":"2023-05-04T07:28:59","date_gmt":"2023-05-04T07:28:59","guid":{"rendered":"https:\/\/vanalinna.ee\/hotell\/home\/"},"modified":"2024-11-21T08:22:00","modified_gmt":"2024-11-21T08:22:00","slug":"home","status":"publish","type":"page","link":"https:\/\/vanalinna.ee\/hotell\/","title":{"rendered":"Esileht"},"content":{"rendered":"\n<div class=\"wp-block-cover alignfull is-light\" style=\"min-height:696px;aspect-ratio:unset;\"><span aria-hidden=\"true\" class=\"wp-block-cover__background has-background-dim-0 has-background-dim\"><\/span><img loading=\"lazy\" decoding=\"async\" width=\"936\" height=\"617\" class=\"wp-block-cover__image-background wp-image-138\" alt=\"\" src=\"https:\/\/vanalinna.ee\/hotell\/wp-content\/uploads\/2023\/05\/Untitled-design.png\" style=\"object-position:24% 28%\" data-object-fit=\"cover\" data-object-position=\"24% 28%\" srcset=\"https:\/\/vanalinna.ee\/hotell\/wp-content\/uploads\/2023\/05\/Untitled-design.png 936w, https:\/\/vanalinna.ee\/hotell\/wp-content\/uploads\/2023\/05\/Untitled-design-300x198.png 300w, https:\/\/vanalinna.ee\/hotell\/wp-content\/uploads\/2023\/05\/Untitled-design-768x506.png 768w\" sizes=\"auto, (max-width: 936px) 100vw, 936px\" \/><div class=\"wp-block-cover__inner-container is-layout-flow wp-block-cover-is-layout-flow\">\n<div style=\"height:223px\" aria-hidden=\"true\" class=\"wp-block-spacer\"><\/div>\n\n\n\n<p><\/p>\n\n\n\n<p><\/p>\n\n\n\n<div style=\"height:137px\" aria-hidden=\"true\" class=\"wp-block-spacer hidemobile\"><\/div>\n\n\n\n<p><\/p>\n\n\n\n<h1 class=\"wp-block-heading has-text-align-center has-white-color has-text-color has-x-large-font-size\" style=\"font-style:normal;font-weight:600\">K\u00d5IGE KESKSEIMA ASETUSEGA HOTELL KURESSAARES<\/h1>\n<\/div><\/div>\n\n\n        <div class=\"booking subpage\">\n        <div class=\"booking-content clearfix\">\n            <div class=\"booking-block\">\n                <span>Saabumine<\/span>\n                <input type=\"text\" id=\"checkin\" class=\"datepicker\" title=\"Arrival\">\n                <span class=\"checkin-month\"><\/span>\n            <\/div>\n            <div class=\"booking-block\">\n                <span>Lahkumine<\/span>\n                <input type=\"text\" id=\"checkout\" class=\"datepicker\" title=\"Departure\">\n                <span class=\"checkout-month\"><\/span>\n            <\/div>\n            <div class=\"booking-block noborder\">\n                <span>mitu<\/span>\n                <input type=\"text\" id=\"adults\" class=\"people\" value=\"1\" title=\"How many persons?\">\n                <span>k\u00fclalist<\/span>\n            <\/div>\n            <a href=\"https:\/\/bouk.io\/booking\/Vanalinna\/446\/rooms?\" class=\"btn btn-dark booking-button booking-block noborder\">Vaata saadavust<\/a>\n        <\/div>\n    <\/div> <!-- #booking -->\n        \n\n\n<div style=\"height:30px\" aria-hidden=\"true\" class=\"wp-block-spacer\"><\/div>\n\n\n\n<div class=\"wp-block-columns alignfull are-vertically-aligned-center is-layout-flex wp-container-core-columns-is-layout-9d6595d7 wp-block-columns-is-layout-flex\">\n<div class=\"wp-block-column is-vertically-aligned-center is-layout-flow wp-block-column-is-layout-flow\">\n<p class=\"has-text-align-center\">Saaremaal liigub aeg omas rahulikus r\u00fctmis. P\u00e4evad on meil pikemad ja p\u00e4ikest on rohkem &#8211;<br>jagub aega\u00a0nii promeneerimiseks Kuressaare lossipargis, v\u00e4rskendavaks supluseks rannas kui mitmekesise kultuuriprogrammi nautimiseks!<br><strong><br>KURESSAARE VANALINNA BUTIIKHOTELL &#8211; SINU KUURORDIPUHKUS KURESSAARES ALAKU!<br><\/strong><br>Tule v\u00e4rskete k\u00fcpsetiste ning hea kohvi l\u00f5hna suunas\u00a0&#8211; asume Vanalinna pagari\u00e4riga samas majas ajaloolisel kaubandust\u00e4naval\u00a0ja -hoones\u00a0aadressil Kauba 8! Meie butiikhotell on iseteeninduslik, ehk siseneda saad koodiga 24\/7 kontaktivabalt. Koodi saadame e-maili ja sms-i teel saabumise p\u00e4eval.<\/p>\n<\/div>\n<\/div>\n\n\n\n<div class=\"wp-block-columns alignfull is-layout-flex wp-container-core-columns-is-layout-f9777a04 wp-block-columns-is-layout-flex\" style=\"padding-top:var(--wp--preset--spacing--20);padding-right:var(--wp--preset--spacing--20);padding-bottom:var(--wp--preset--spacing--20);padding-left:var(--wp--preset--spacing--20)\">\n<div class=\"wp-block-column is-vertically-aligned-center has-background is-layout-flow wp-block-column-is-layout-flow\" style=\"background-color:#f1d386\">\n<p><\/p>\n\n\n\n<p class=\"has-text-align-center\"><strong>Kas tead, et kuurordilugu Eestis saigi alguse 1824. aastal just Saaremaalt,&nbsp;mil Rootsik\u00fcla m\u00f5isnik Carl Friedrich von Buxhoeveden avas esimese mudaravila Kihelkonna l\u00e4hedal. Kuressaares avati esimene mudaravila 1840. aastal.&nbsp;<\/strong>Kuressaare linn, mis sel ajal kandis Arensburgi nime, oli \u00fcks kolmest kuulsast Eestimaa kuurordist, kus v\u00f5is 20. sajandi alguses kohata&nbsp;Euroopa ja Vene impeeriumi varakaid t\u00f6\u00f6stureid, kaupmehi ja s\u00f5jav\u00e4elasi. Ka kirevat kodumaist loovisikute seltskonda: Koidulat, Tammsaaret, Haavat, Visnapuud, Gailit.&nbsp;Just selle t\u00f5ttu nimetasime iga toa \u00fche isiku j\u00e4rgi, kelle tegemistest Kuressaares leiad tubadest vahvaid lugusi. <\/p>\n\n\n\n<p class=\"has-text-align-center\">Suvine melu on Kuressaares ikka sama kirev kui muiste!<br>Tule saa sellest osa!<\/p>\n\n\n\n<p><\/p>\n<\/div>\n<\/div>\n\n\n\n<div style=\"height:31px\" aria-hidden=\"true\" class=\"wp-block-spacer\"><\/div>\n\n\n<div style=\"border:3px solid #f1d386\" class=\"alignwide\">\n<div class=\"wp-block-group alignwide has-border is-layout-constrained wp-block-group-is-layout-constrained\">\n<div class=\"wp-block-columns alignwide is-layout-flex wp-container-core-columns-is-layout-9d6595d7 wp-block-columns-is-layout-flex\">\n<div class=\"wp-block-column is-layout-flow wp-block-column-is-layout-flow\">\n<figure class=\"wp-block-image aligncenter size-full is-resized\"><img loading=\"lazy\" decoding=\"async\" width=\"512\" height=\"512\" src=\"https:\/\/vanalinna.ee\/hotell\/wp-content\/uploads\/2023\/05\/supermarket.png\" alt=\"\" class=\"wp-image-204\" style=\"width:38px;height:38px\" srcset=\"https:\/\/vanalinna.ee\/hotell\/wp-content\/uploads\/2023\/05\/supermarket.png 512w, https:\/\/vanalinna.ee\/hotell\/wp-content\/uploads\/2023\/05\/supermarket-300x300.png 300w, https:\/\/vanalinna.ee\/hotell\/wp-content\/uploads\/2023\/05\/supermarket-150x150.png 150w\" sizes=\"auto, (max-width: 512px) 100vw, 512px\" \/><\/figure>\n\n\n\n<h3 class=\"wp-block-heading has-text-align-center\">KESKUS 80 m<\/h3>\n<\/div>\n\n\n\n<div class=\"wp-block-column is-layout-flow wp-block-column-is-layout-flow\">\n<figure class=\"wp-block-image aligncenter size-full is-resized\"><img loading=\"lazy\" decoding=\"async\" width=\"512\" height=\"512\" src=\"https:\/\/vanalinna.ee\/hotell\/wp-content\/uploads\/2023\/05\/plane.png\" alt=\"\" class=\"wp-image-206\" style=\"width:38px;height:38px\" srcset=\"https:\/\/vanalinna.ee\/hotell\/wp-content\/uploads\/2023\/05\/plane.png 512w, https:\/\/vanalinna.ee\/hotell\/wp-content\/uploads\/2023\/05\/plane-300x300.png 300w, https:\/\/vanalinna.ee\/hotell\/wp-content\/uploads\/2023\/05\/plane-150x150.png 150w\" sizes=\"auto, (max-width: 512px) 100vw, 512px\" \/><\/figure>\n\n\n\n<h3 class=\"wp-block-heading has-text-align-center\">LENNUJAAM 3,7 km<\/h3>\n<\/div>\n\n\n\n<div class=\"wp-block-column is-layout-flow wp-block-column-is-layout-flow\">\n<figure class=\"wp-block-image aligncenter size-full is-resized\"><img loading=\"lazy\" decoding=\"async\" width=\"512\" height=\"512\" src=\"https:\/\/vanalinna.ee\/hotell\/wp-content\/uploads\/2023\/05\/beach.png\" alt=\"\" class=\"wp-image-205\" style=\"width:38px;height:38px\" srcset=\"https:\/\/vanalinna.ee\/hotell\/wp-content\/uploads\/2023\/05\/beach.png 512w, https:\/\/vanalinna.ee\/hotell\/wp-content\/uploads\/2023\/05\/beach-300x300.png 300w, https:\/\/vanalinna.ee\/hotell\/wp-content\/uploads\/2023\/05\/beach-150x150.png 150w\" sizes=\"auto, (max-width: 512px) 100vw, 512px\" \/><\/figure>\n\n\n\n<h3 class=\"wp-block-heading has-text-align-center\">RAND 1000 m<\/h3>\n<\/div>\n\n\n\n<div class=\"wp-block-column is-layout-flow wp-block-column-is-layout-flow\">\n<figure class=\"wp-block-image aligncenter size-full is-resized\"><img loading=\"lazy\" decoding=\"async\" width=\"512\" height=\"512\" src=\"https:\/\/vanalinna.ee\/hotell\/wp-content\/uploads\/2023\/05\/kiddie-ride.png\" alt=\"\" class=\"wp-image-207\" style=\"width:38px;height:38px\" srcset=\"https:\/\/vanalinna.ee\/hotell\/wp-content\/uploads\/2023\/05\/kiddie-ride.png 512w, https:\/\/vanalinna.ee\/hotell\/wp-content\/uploads\/2023\/05\/kiddie-ride-300x300.png 300w, https:\/\/vanalinna.ee\/hotell\/wp-content\/uploads\/2023\/05\/kiddie-ride-150x150.png 150w\" sizes=\"auto, (max-width: 512px) 100vw, 512px\" \/><\/figure>\n\n\n\n<h3 class=\"wp-block-heading has-text-align-center\">M\u00c4NGUV\u00c4LJAK 140m<\/h3>\n<\/div>\n<\/div>\n<\/div>\n<\/div>\n\n\n<div style=\"height:30px\" aria-hidden=\"true\" class=\"wp-block-spacer\"><\/div>\n\n\n\n<div class=\"wp-block-edhotels-content-on-image undefined alignfull\" style=\"min-height:400px\"><div class=\"image\"><img loading=\"lazy\" decoding=\"async\" width=\"2560\" height=\"1707\" src=\"https:\/\/vanalinna.ee\/hotell\/wp-content\/uploads\/2023\/05\/Kuressaare_Vanalinna_Hotell_peretuba-scaled.jpg\" alt=\"\" class=\"grid-item wp-image-36\" style=\"object-position:88% 54%\" srcset=\"https:\/\/vanalinna.ee\/hotell\/wp-content\/uploads\/2023\/05\/Kuressaare_Vanalinna_Hotell_peretuba-scaled.jpg 2560w, https:\/\/vanalinna.ee\/hotell\/wp-content\/uploads\/2023\/05\/Kuressaare_Vanalinna_Hotell_peretuba-300x200.jpg 300w, https:\/\/vanalinna.ee\/hotell\/wp-content\/uploads\/2023\/05\/Kuressaare_Vanalinna_Hotell_peretuba-1024x683.jpg 1024w, https:\/\/vanalinna.ee\/hotell\/wp-content\/uploads\/2023\/05\/Kuressaare_Vanalinna_Hotell_peretuba-768x512.jpg 768w, https:\/\/vanalinna.ee\/hotell\/wp-content\/uploads\/2023\/05\/Kuressaare_Vanalinna_Hotell_peretuba-1536x1024.jpg 1536w, https:\/\/vanalinna.ee\/hotell\/wp-content\/uploads\/2023\/05\/Kuressaare_Vanalinna_Hotell_peretuba-2048x1366.jpg 2048w, https:\/\/vanalinna.ee\/hotell\/wp-content\/uploads\/2023\/05\/Kuressaare_Vanalinna_Hotell_peretuba-1568x1045.jpg 1568w\" sizes=\"auto, (max-width: 2560px) 100vw, 2560px\" \/><\/div><div class=\"content-wrapper\"><div class=\"outer-content left\"><div class=\"content-inner-block top\" style=\"background-color:#f2d488e3;max-width:400px;margin:-32px 20px\">\n<h2 class=\"wp-block-heading has-white-color has-text-color\">MEIE HUBANE BUTIIKHOTELL<\/h2>\n\n\n\n<p class=\"has-white-color has-text-color\">Kuurordih\u00f5ngulises&nbsp;hotellis on 10 tuba: 6 kahetoalist, 1 \u00fchetoaline, 1 superior kahekohaline ja 2 deluxe tuba.<br>Olete oodatud aastaringi nii laste kui ka neljajalgsete h\u00e4sti k\u00e4ituvate pereliikmetega!<\/p>\n\n\n\n<div class=\"wp-block-buttons is-layout-flex wp-block-buttons-is-layout-flex\">\n<div class=\"wp-block-button\"><a class=\"wp-block-button__link wp-element-button\" href=\"https:\/\/vanalinna.ee\/hotell\/meie-lugu\/\">LOE EDASI<\/a><\/div>\n<\/div>\n\n\n\n<div class=\"wp-block-buttons is-layout-flex wp-block-buttons-is-layout-flex\">\n<div class=\"wp-block-button\"><a class=\"wp-block-button__link wp-element-button\" href=\"https:\/\/bouk.io\/booking\/Vanalinna\/446\/rooms?language=et\">BRONEERI TUBA<\/a><\/div>\n<\/div>\n<\/div><\/div><\/div><\/div>\n\n\n\n<div style=\"height:30px\" aria-hidden=\"true\" class=\"wp-block-spacer\"><\/div>\n\n\n\n<div class=\"wp-block-edhotels-content-on-image undefined alignfull\" style=\"min-height:390px\"><div class=\"image\"><img loading=\"lazy\" decoding=\"async\" width=\"2560\" height=\"1707\" src=\"https:\/\/vanalinna.ee\/hotell\/wp-content\/uploads\/2023\/05\/Kuressaare_Vanalinna_Hotell_saiakesed-scaled.jpg\" alt=\"\" class=\"grid-item wp-image-195\" style=\"object-position:71% 12%\" srcset=\"https:\/\/vanalinna.ee\/hotell\/wp-content\/uploads\/2023\/05\/Kuressaare_Vanalinna_Hotell_saiakesed-scaled.jpg 2560w, https:\/\/vanalinna.ee\/hotell\/wp-content\/uploads\/2023\/05\/Kuressaare_Vanalinna_Hotell_saiakesed-300x200.jpg 300w, https:\/\/vanalinna.ee\/hotell\/wp-content\/uploads\/2023\/05\/Kuressaare_Vanalinna_Hotell_saiakesed-1024x683.jpg 1024w, https:\/\/vanalinna.ee\/hotell\/wp-content\/uploads\/2023\/05\/Kuressaare_Vanalinna_Hotell_saiakesed-768x512.jpg 768w, https:\/\/vanalinna.ee\/hotell\/wp-content\/uploads\/2023\/05\/Kuressaare_Vanalinna_Hotell_saiakesed-1536x1024.jpg 1536w, https:\/\/vanalinna.ee\/hotell\/wp-content\/uploads\/2023\/05\/Kuressaare_Vanalinna_Hotell_saiakesed-2048x1365.jpg 2048w, https:\/\/vanalinna.ee\/hotell\/wp-content\/uploads\/2023\/05\/Kuressaare_Vanalinna_Hotell_saiakesed-1568x1045.jpg 1568w\" sizes=\"auto, (max-width: 2560px) 100vw, 2560px\" \/><\/div><div class=\"content-wrapper\"><div class=\"outer-content right\"><div class=\"content-inner-block top\" style=\"background-color:#f2d488e8;max-width:400px;margin:-27px 20px\">\n<h2 class=\"wp-block-heading has-white-color has-text-color\">MEIE IMEARMAS KOHVIK<\/h2>\n\n\n\n<p class=\"has-white-color has-text-color\">Pakume suurimat valikut parimatest pagari- ja kondiitritoodetest Eestis! Koogid, tordid, saiakesed, pirukad, kringlid, salatid, v\u00f5ileivatordid, k\u00fcpsised &#8211; meie juurest leiad k\u00f5ike.<\/p>\n\n\n\n<p>Samuti ootab sind meeli\u00fclendav hommikus\u00f6\u00f6k just siin!<\/p>\n\n\n\n<div class=\"wp-block-buttons is-layout-flex wp-block-buttons-is-layout-flex\">\n<div class=\"wp-block-button\"><a class=\"wp-block-button__link wp-element-button\" href=\"https:\/\/www.vanalinna.ee\/kohvik\/\" target=\"_blank\" rel=\"noreferrer noopener\">LOE EDASI<\/a><\/div>\n<\/div>\n<\/div><\/div><\/div><\/div>\n\n\n\n<div style=\"height:30px\" aria-hidden=\"true\" class=\"wp-block-spacer\"><\/div>\n\n\n\n<div class=\"wp-block-webfactory-map alignfull google-map-edhotels\"><div class=\"wp-block-webfactory-map\"><iframe loading=\"lazy\" width=\"100%\" height=\"295px\" src=\"https:\/\/www.google.com\/maps\/embed\/v1\/place?q=Kauba%208%20kuresaare&amp;maptype=roadmap&amp;zoom=15&amp;key=AIzaSyDu21TpfU-MuEwU2kFMxIuyEP8nP1tAj4I\" frameborder=\"0\"><\/iframe><\/div><\/div>\n","protected":false},"excerpt":{"rendered":"<p>Saaremaal liigub aeg omas rahulikus r\u00fctmis. P\u00e4evad on meil pikemad ja p\u00e4ikest on rohkem &#8211;jagub aega\u00a0nii promeneerimiseks Kuressaare lossipargis, v\u00e4rskendavaks supluseks rannas kui mitmekesise kultuuriprogrammi nautimiseks!KURESSAARE VANALINNA BUTIIKHOTELL &#8211; SINU KUURORDIPUHKUS KURESSAARES ALAKU!Tule v\u00e4rskete k\u00fcpsetiste ning hea kohvi l\u00f5hna suunas\u00a0&#8211; asume Vanalinna pagari\u00e4riga samas majas ajaloolisel kaubandust\u00e4naval\u00a0ja -hoones\u00a0aadressil Kauba 8! Meie butiikhotell on iseteeninduslik, ehk [&hellip;]<\/p>\n","protected":false},"author":1,"featured_media":0,"parent":0,"menu_order":0,"comment_status":"closed","ping_status":"closed","template":"","meta":{"footnotes":""},"class_list":["post-9","page","type-page","status-publish","hentry"],"yoast_head":"<!-- This site is optimized with the Yoast SEO plugin v26.6 - https:\/\/yoast.com\/wordpress\/plugins\/seo\/ -->\n<title>Vanalinna butiikhotell I Kuressaare I Saaremaa<\/title>\n<meta name=\"description\" content=\"Kuressaare Vanalinna Butiikhotell - sinu kuurordipuhkus alaku. Tule v\u00e4rskete k\u00fcpsetiste ja kohvi l\u00f5hna suunas - asume pagari\u00e4riga samas majas.\" \/>\n<meta name=\"robots\" content=\"index, follow, max-snippet:-1, max-image-preview:large, max-video-preview:-1\" \/>\n<link rel=\"canonical\" href=\"https:\/\/vanalinna.ee\/hotell\/\" \/>\n<meta property=\"og:locale\" content=\"et_EE\" \/>\n<meta property=\"og:type\" content=\"article\" \/>\n<meta property=\"og:title\" content=\"Vanalinna butiikhotell I Kuressaare I Saaremaa\" \/>\n<meta property=\"og:description\" content=\"Kuressaare Vanalinna Butiikhotell - sinu kuurordipuhkus alaku. Tule v\u00e4rskete k\u00fcpsetiste ja kohvi l\u00f5hna suunas - asume pagari\u00e4riga samas majas.\" \/>\n<meta property=\"og:url\" content=\"https:\/\/vanalinna.ee\/hotell\/\" \/>\n<meta property=\"og:site_name\" content=\"Vanalinna Butiikhotell\" \/>\n<meta property=\"article:modified_time\" content=\"2024-11-21T08:22:00+00:00\" \/>\n<meta property=\"og:image\" content=\"https:\/\/vanalinna.ee\/hotell\/wp-content\/uploads\/2023\/05\/Untitled-design.png\" \/>\n\t<meta property=\"og:image:width\" content=\"936\" \/>\n\t<meta property=\"og:image:height\" content=\"617\" \/>\n\t<meta property=\"og:image:type\" content=\"image\/png\" \/>\n<meta name=\"twitter:card\" content=\"summary_large_image\" \/>\n<meta name=\"twitter:label1\" content=\"Est. reading time\" \/>\n\t<meta name=\"twitter:data1\" content=\"3 minutit\" \/>\n<script type=\"application\/ld+json\" class=\"yoast-schema-graph\">{\"@context\":\"https:\/\/schema.org\",\"@graph\":[{\"@type\":\"WebPage\",\"@id\":\"https:\/\/vanalinna.ee\/hotell\/\",\"url\":\"https:\/\/vanalinna.ee\/hotell\/\",\"name\":\"Vanalinna butiikhotell I Kuressaare I Saaremaa\",\"isPartOf\":{\"@id\":\"https:\/\/vanalinna.ee\/hotell\/#website\"},\"primaryImageOfPage\":{\"@id\":\"https:\/\/vanalinna.ee\/hotell\/#primaryimage\"},\"image\":{\"@id\":\"https:\/\/vanalinna.ee\/hotell\/#primaryimage\"},\"thumbnailUrl\":\"https:\/\/vanalinna.ee\/hotell\/wp-content\/uploads\/2023\/05\/Untitled-design.png\",\"datePublished\":\"2023-05-04T07:28:59+00:00\",\"dateModified\":\"2024-11-21T08:22:00+00:00\",\"description\":\"Kuressaare Vanalinna Butiikhotell - sinu kuurordipuhkus alaku. Tule v\u00e4rskete k\u00fcpsetiste ja kohvi l\u00f5hna suunas - asume pagari\u00e4riga samas majas.\",\"breadcrumb\":{\"@id\":\"https:\/\/vanalinna.ee\/hotell\/#breadcrumb\"},\"inLanguage\":\"et\",\"potentialAction\":[{\"@type\":\"ReadAction\",\"target\":[\"https:\/\/vanalinna.ee\/hotell\/\"]}]},{\"@type\":\"ImageObject\",\"inLanguage\":\"et\",\"@id\":\"https:\/\/vanalinna.ee\/hotell\/#primaryimage\",\"url\":\"https:\/\/vanalinna.ee\/hotell\/wp-content\/uploads\/2023\/05\/Untitled-design.png\",\"contentUrl\":\"https:\/\/vanalinna.ee\/hotell\/wp-content\/uploads\/2023\/05\/Untitled-design.png\",\"width\":936,\"height\":617},{\"@type\":\"BreadcrumbList\",\"@id\":\"https:\/\/vanalinna.ee\/hotell\/#breadcrumb\",\"itemListElement\":[{\"@type\":\"ListItem\",\"position\":1,\"name\":\"Home\",\"item\":\"https:\/\/vanalinna.ee\/hotell\/\"},{\"@type\":\"ListItem\",\"position\":2,\"name\":\"Esileht\"}]},{\"@type\":\"WebSite\",\"@id\":\"https:\/\/vanalinna.ee\/hotell\/#website\",\"url\":\"https:\/\/vanalinna.ee\/hotell\/\",\"name\":\"Vanalinna Butiikhotell\",\"description\":\"\",\"potentialAction\":[{\"@type\":\"SearchAction\",\"target\":{\"@type\":\"EntryPoint\",\"urlTemplate\":\"https:\/\/vanalinna.ee\/hotell\/?s={search_term_string}\"},\"query-input\":{\"@type\":\"PropertyValueSpecification\",\"valueRequired\":true,\"valueName\":\"search_term_string\"}}],\"inLanguage\":\"et\"}]}<\/script>\n<!-- \/ Yoast SEO plugin. -->","yoast_head_json":{"title":"Vanalinna butiikhotell I Kuressaare I Saaremaa","description":"Kuressaare Vanalinna Butiikhotell - sinu kuurordipuhkus alaku. Tule v\u00e4rskete k\u00fcpsetiste ja kohvi l\u00f5hna suunas - asume pagari\u00e4riga samas majas.","robots":{"index":"index","follow":"follow","max-snippet":"max-snippet:-1","max-image-preview":"max-image-preview:large","max-video-preview":"max-video-preview:-1"},"canonical":"https:\/\/vanalinna.ee\/hotell\/","og_locale":"et_EE","og_type":"article","og_title":"Vanalinna butiikhotell I Kuressaare I Saaremaa","og_description":"Kuressaare Vanalinna Butiikhotell - sinu kuurordipuhkus alaku. Tule v\u00e4rskete k\u00fcpsetiste ja kohvi l\u00f5hna suunas - asume pagari\u00e4riga samas majas.","og_url":"https:\/\/vanalinna.ee\/hotell\/","og_site_name":"Vanalinna Butiikhotell","article_modified_time":"2024-11-21T08:22:00+00:00","og_image":[{"width":936,"height":617,"url":"https:\/\/vanalinna.ee\/hotell\/wp-content\/uploads\/2023\/05\/Untitled-design.png","type":"image\/png"}],"twitter_card":"summary_large_image","twitter_misc":{"Est. reading time":"3 minutit"},"schema":{"@context":"https:\/\/schema.org","@graph":[{"@type":"WebPage","@id":"https:\/\/vanalinna.ee\/hotell\/","url":"https:\/\/vanalinna.ee\/hotell\/","name":"Vanalinna butiikhotell I Kuressaare I Saaremaa","isPartOf":{"@id":"https:\/\/vanalinna.ee\/hotell\/#website"},"primaryImageOfPage":{"@id":"https:\/\/vanalinna.ee\/hotell\/#primaryimage"},"image":{"@id":"https:\/\/vanalinna.ee\/hotell\/#primaryimage"},"thumbnailUrl":"https:\/\/vanalinna.ee\/hotell\/wp-content\/uploads\/2023\/05\/Untitled-design.png","datePublished":"2023-05-04T07:28:59+00:00","dateModified":"2024-11-21T08:22:00+00:00","description":"Kuressaare Vanalinna Butiikhotell - sinu kuurordipuhkus alaku. Tule v\u00e4rskete k\u00fcpsetiste ja kohvi l\u00f5hna suunas - asume pagari\u00e4riga samas majas.","breadcrumb":{"@id":"https:\/\/vanalinna.ee\/hotell\/#breadcrumb"},"inLanguage":"et","potentialAction":[{"@type":"ReadAction","target":["https:\/\/vanalinna.ee\/hotell\/"]}]},{"@type":"ImageObject","inLanguage":"et","@id":"https:\/\/vanalinna.ee\/hotell\/#primaryimage","url":"https:\/\/vanalinna.ee\/hotell\/wp-content\/uploads\/2023\/05\/Untitled-design.png","contentUrl":"https:\/\/vanalinna.ee\/hotell\/wp-content\/uploads\/2023\/05\/Untitled-design.png","width":936,"height":617},{"@type":"BreadcrumbList","@id":"https:\/\/vanalinna.ee\/hotell\/#breadcrumb","itemListElement":[{"@type":"ListItem","position":1,"name":"Home","item":"https:\/\/vanalinna.ee\/hotell\/"},{"@type":"ListItem","position":2,"name":"Esileht"}]},{"@type":"WebSite","@id":"https:\/\/vanalinna.ee\/hotell\/#website","url":"https:\/\/vanalinna.ee\/hotell\/","name":"Vanalinna Butiikhotell","description":"","potentialAction":[{"@type":"SearchAction","target":{"@type":"EntryPoint","urlTemplate":"https:\/\/vanalinna.ee\/hotell\/?s={search_term_string}"},"query-input":{"@type":"PropertyValueSpecification","valueRequired":true,"valueName":"search_term_string"}}],"inLanguage":"et"}]}},"_links":{"self":[{"href":"https:\/\/vanalinna.ee\/hotell\/wp-json\/wp\/v2\/pages\/9","targetHints":{"allow":["GET"]}}],"collection":[{"href":"https:\/\/vanalinna.ee\/hotell\/wp-json\/wp\/v2\/pages"}],"about":[{"href":"https:\/\/vanalinna.ee\/hotell\/wp-json\/wp\/v2\/types\/page"}],"author":[{"embeddable":true,"href":"https:\/\/vanalinna.ee\/hotell\/wp-json\/wp\/v2\/users\/1"}],"replies":[{"embeddable":true,"href":"https:\/\/vanalinna.ee\/hotell\/wp-json\/wp\/v2\/comments?post=9"}],"version-history":[{"count":45,"href":"https:\/\/vanalinna.ee\/hotell\/wp-json\/wp\/v2\/pages\/9\/revisions"}],"predecessor-version":[{"id":567,"href":"https:\/\/vanalinna.ee\/hotell\/wp-json\/wp\/v2\/pages\/9\/revisions\/567"}],"wp:attachment":[{"href":"https:\/\/vanalinna.ee\/hotell\/wp-json\/wp\/v2\/media?parent=9"}],"curies":[{"name":"wp","href":"https:\/\/api.w.org\/{rel}","templated":true}]}}